 be d(-3). Suppose 3*g + b = -r, -3*r + 12 + 10 = -2*g. Let p be r/6 - (-39)/9. Determine z(p).
-6
Let n(f) = 5*f**3 - 13*f**2 + 8*f + 1. Let a(r) = 3*r**3 - 7*r**2 + 4*r. Let i(b) = 7*a(b) - 4*n(b). Let y = -5 - -2. Determine i(y).
8
Let x = 0 + -1. Let o(s) = -8*s. Calculate o(x).
8
Suppose 0 = -f + 33 - 30. Let k(v) = -2*v**2 + 4*v. What is k(f)?
-6
Let v = -4 - -8. Let i(q) be the third derivative of 0 + 2*q**2 + 0*q**3 - 1/20*q**5 + 0*q - 1/24*q**v. Give i(-1).
-2
Let p(r) = -3*r**2 + r**3 + 5*r**2 + 3*r + 2*r**3 + 2*r**2. Give p(-2).
-14
Let c be 50/(-2) + -4 + 5. Let l be (c/(-4) - 1)*1. Let o(y) = 2*y**2 + y**3 - 8*y**2 - 1 + 0 + 6*y. Determine o(l).
4
Let q(k) be the first derivative of 3*k**5/20 - k**3/6 - k**2/2 + k - 2. Let v(z) be the first derivative of q(z). Let x = 4 - 5. What is v(x)?
-3
Let l(r) = r. Let o(j) = -j**2 - 5*j. Let b be o(-6). Determine l(b).
-6
Let p(i) = 2*i**3 - i**2 - 2*i - 1. Suppose -5 + 1 = 4*n. Let l = -1 - n. Suppose -7 = m + 3*c, 4*m = -l*m + 2*c. Determine p(m).
-2
Let x(g) = -63*g + 0*g**2 + 64*g + 3*g**2. Let p(h) = h**2 - h - 2. Let f be p(0). What is x(f)?
10
Let j(h) = -2*h**2 + 7*h - 3. Let v be (-39)/52 - (-23)/4. Let b(r) = -3*r**2 + 14*r - 7. Let c(d) = v*j(d) - 3*b(d). What is c(-7)?
6
Let w(x) be the second derivative of -x**5/20 - x**4/2 + 3*x**3/2 + x**2 - 15*x. What is w(-7)?
-12
Let a = -52 - -47. Let c(k) be the third derivative of -k**6/120 - k**5/10 - 7*k**4/24 - k**3/2 - k**2. What is c(a)?
7
Let r(g) = 15*g - g**2 - 4 + 7*g - 17*g. Determine r(5).
-4
Let d(f) be the third derivative of -1/12*f**4 + 0*f + 1/6*f**3 - f**2 + 0. Give d(3).
-5
Let d(i) = -5*i + 9*i**2 - i**3 - 3*i - 2 - 5 + i. Give d(8).
1
Let l(p) = -5*p + 13*p - 6 - 7*p. Calculate l(5).
-1
Let s(y) = 3*y**2 + 7*y. Let p(v) = 2*v**2 + 3*v. Let c(a) = -5*p(a) + 2*s(a). Let t = -19 - -18. What is c(t)?
-3
Let b(a) = 556*a - 555*a + 3*a**2 + 1 - 2*a**2 + a**3. What is b(-2)?
-5
Let j(x) be the first derivative of -x**6/360 - x**5/120 + 2*x**3/3 + 3. Let m(n) be the third derivative of j(n). Determine m(-2).
-2
Let z(g) = 19*g + 3. Let d(q) = 2*q. Let x(k) = -18*d(k) + 2*z(k). Let r be x(-3). Let s(c) = c - 6. Determine s(r).
-6
Let f(n) = -36*n + 73*n - 5 - 38*n. Give f(-4).
-1
Let f = -8 + 4. Let s be (f/(3 + -2))/(-2). Suppose -7 = s*n - 5*h, 0*n + 4*h - 8 = 4*n. Let b(i) = 5*i. Give b(n).
-5
Suppose 0 = 5*g - u + 4, -5*g + 4*u - 2*u = 8. Let x(v) = 4 + v + g*v + 3*v - 3*v. Determine x(-3).
1
Let s(t) = -2*t**2 + 3*t - 4. Let q(p) = p**3 + 8*p**2 - 9*p + 3. Let n be q(-9). What is s(n)?
-13
Let l(v) = -10*v**2 - v. Let p(d) = 10*d**2 + d. Let z(h) = 2*l(h) + 3*p(h). Suppose 2*q + 3 = 5. Calculate z(q).
11
Suppose 9*f - 4*f = 35. Suppose 0 = -2*p + f*p - 15. Let c(b) = 3 - 3 + 3 - b**p + 0 - b - 5*b**2. What is c(-5)?
8
Let n(l) be the first derivative of -l**2 + 7. Suppose 1 = 5*t - 4. Calculate n(t).
-2
Let m be (6/7)/((-1)/7). Let r(d) be the second derivative of 7/6*d**3 + 0 + 4*d**2 - 1/20*d**5 - 5/12*d**4 + 3*d. Determine r(m).
2
Let p(u) be the third derivative of u**6/120 - u**5/12 - u**4/24 + 5*u**3/6 + u**2. Let r be (-12)/1*(-1)/(-2). Let q = -1 - r. What is p(q)?
0
Let s(r) = -4*r + 1. Let y be s(-1). Suppose 17 = -2*c + y. Let p(x) = -x**2 - 7*x - 6. Let h be p(c). Let a(w) = -w**3 - w**2 + w + 2. Give a(h).
2
Let m = -3 + 7. Let v(f) = -f + f - 2*f + 8. Let l(w) = 1. Let b(o) = 4*l(o) - v(o). Give b(m).
4
Let v be (5/10 + 1)/((-2)/4). Let t(n) = -n**3 - 4*n**2 - 2*n - 1. Give t(v).
-4
Suppose 0*q + 6 = 3*q. Suppose 2 = -q*k - 5*h - 0, -2*k - 2 = -h. Let o(i) = -i - 2. Let m(j) = -j - 1. Let l(f) = -3*m(f) + o(f). Give l(k).
-1
Let c(p) = 3*p + 7. Let j(o) = 1. Let z(m) = c(m) - 4*j(m). Calculate z(-3).
-6
Suppose 4*o - 5 = -s + 4, -4*s + 19 = -o. Suppose -c - 7 = -n, -4*n = -2*n + s*c - 7. Let r(u) = -u**2 + 7*u. Calculate r(n).
6
Let y(a) = -10*a**2 + a + 2. Let i(q) = q**2. Let f(g) = 6*i(g) + y(g). Calculate f(2).
-12
Let l(j) = 2*j**2 + 2*j. Let u be l(-2). Let x(i) = -5*i**3 - 7*i**2 - 2*i. Let k(s) = -2*s**3 - 4*s**2 - s. Let n(z) = u*x(z) - 7*k(z). What is n(1)?
-7
Suppose -6 = -2*t - 0*t. Suppose -10 = -t*v + 2. Let j(o) be the first derivative of -o**4/4 + 4*o**3/3 - o + 1. Give j(v).
-1
Suppose 4*v - 2*v + 4 = 0. Let x(g) = 16*g - 2. Let n(h) = 24*h - 3. Let o(k) = -5*n(k) + 8*x(k). Determine o(v).
-17
Let c(q) = 4*q + 9. Let a(p) = 5*p + 9. Let r(v) = 5*a(v) - 6*c(v). Calculate r(0).
-9
Let p(y) = y**2 + 1. Let c(i) = i**3 + 3*i**2 - 6*i - 5. Let t(q) = c(q) + p(q). Give t(-5).
1
Let k(u) = u**2 - 2*u. Let y be k(3). Let l(f) = 2*f**2 - f**3 + 2*f**2 - y + 0*f**2. Let n be (9/(36/16))/1. Calculate l(n).
-3
Suppose -4*o = 4*b - 20, -7*b + 2*b = -o + 5. Suppose -4*m = o - 1. Let d(c) = -c**3 + c**2. Calculate d(m).
2
Let x(q) = q**3 + 5*q**2 + 4. Let n be x(-5). Let r(h) = -h - 5. Let m(j) = j + 4. Let f(v) = n*m(v) + 3*r(v). Give f(-6).
-5
Let z = -13 - -13. Let a(o) = -4*o + 6*o + z*o - 3*o + 2. What is a(-6)?
8
Let h(q) = -22*q**3 + 7*q**2 - 5*q + 1. Let s(p) = p**3 - p**2 + p. Let y(b) = h(b) + 6*s(b). Calculate y(-1).
17
Let a be 3/2*(-24)/(-18). Let l(t) = -6*t - 2 - 5 + a*t - 4*t + t**3 + 5*t**2. Calculate l(-6).
5
Let f = -6 + 8. Let x(n) = -n - f - 2*n + 7. Suppose 4 = 2*q - q. What is x(q)?
-7
Let m(h) = h**3 - h. Let u(r) = 3*r**3 + 2*r**2 + r. Let b be u(-1). What is m(b)?
-6
Let x(i) = -i**3 - 4*i**2 - 4*i - 3. Suppose -3*b + 16 = 1. Suppose 3*j - 9 = -b*y, 3*y + 2 = -4*j + y. Let r be (3 - 0)/(1 + j). What is x(r)?
0
Let k(m) be the third derivative of m**5/40 + m**4/12 - 3*m**3/2 - m**2. Let c(y) be the first derivative of k(y). Determine c(-3).
-7
Suppose -2*m + 22 - 4 = 0. Let s = m - 5. Let h(w) = 1 + 4*w + 0 + 3*w**2 - s*w**3 + 3*w**3. Give h(4).
1
Suppose 9 = p - 3*c, 6 = -p - c - c. Suppose -4*y + y + 18 = p. Let u(n) = n - 2*n + 3*n - 6. Calculate u(y).
6
Let f(k) be the first derivative of -2*k**2 + 2*k - 1. Let v be (7/(14/(-12)))/(-2). Suppose i - 8 = -v*i. Calculate f(i).
-6
Let x = -1 + -1. Let g be 1*0/((-6)/x). Let z(o) = o - 7. What is z(g)?
-7
Let f be ((-12)/2)/(3/2). Let w(i) = 6*i**2 - 14*i - 1. Let j(s) = -s**2 + 3*s. Let h(c) = -11*j(c) - 2*w(c). Calculate h(f).
6
Let u = -2 + 19. Suppose 4*a + 1 = u, -3*n + 15 = 3*a. Let v(k) = -7*k**3 - k**2 + k - 1. What is v(n)?
-8
Let u(p) = -p**2 - p + 1. Let y(z) = 4*z**2 + 7*z - 2. Let h(r) = 5*u(r) + y(r). Let n(j) = j**2 - 1. Let f be n(2). Give h(f).
0
Let z(g) = -g**2 + 10*g - 3. Let u = -72 - -81. Determine z(u).
6
Let t(g) = -g**3 + 4*g**2 + g - 1. Let b be t(4). Let a(l) = -5 + 0 - 1 + b - l. Give a(0).
-3
Let d = -1 + 3. Suppose -2*c + 3*c + 2*v = -7, d*c - 10 = 2*v. Let u(p) = 7*p. What is u(c)?
7
Let c(j) = -7*j + 106 + 5*j - 100. Give c(-6).
18
Let a = -1 + -1. Let g(x) = -x**2 + 0*x**3 + 4*x**2 - x**2 + x**3. Calculate g(a).
0
Let g(n) = -2*n + 5. Let m be g(5). Let q(f) be the first derivative of f**3/3 + 7*f**2/2 + 2*f + 1. Let t(y) be the first derivative of q(y). Determine t(m).
-3
Let m = -5 + 10. Suppose y - 5 = 2*y. Let p(v) = 3*v**3 + 10*v**2 - 1. Let d(l) = 2*l**3 + 5*l**2. Let k(z) = y*d(z) + 3*p(z). Calculate k(m).
-3
Let q(x) = -x**3 + 5*x**2 + 7. Suppose 3*y + y - 20 = 0. Give q(y).
7
Let y = 73 - 75. Let n(c) = -2*c**2 - c + 1. Calculate n(y).
-5
Let w(l) = -l + 6 - 4 + 6*l**3 - 4*l**2 - 5*l**3. Let t(p) = -p. Let i(b) = 3*b**2 + 2*b. Let m(d) = i(d) + t(d). Let v be m(1). Calculate w(v).
-2
Let o = 6 - 3. Suppose f - o*f = -6. Let h(c) = -3*c**2 + 0*c**2 + c**3 + 0*c**3. What is h(f)?
0
Let s(j) be the third derivative of j**4/12 - 4*j**3/3 - 2*j**2. Let i be s(10). Suppose i = -2*w - 0. Let f(a) = -a**3 - 5*a**2 + 5*a - 1. Calculate f(w).
5
Let g(i) = -i**3 + 7*i**2 + 4. Suppose 4*r + 33 = 5*p - 2*p, -13 = -p + 2*r. Calculate g(p).
4
Let f(n) = n**3 + 7*n**2 - n. Let h(a) = a**3 + 6*a**2 - 2*a. Let i(z) = 3*f(z) - 4*h(z). Determine i(-4).
-4
Let u(y) be the second derivative of y**4/12 + 2*y**3/3 - 2*y**2 - 11*y. Calculate u(-3).
-7
Let r(h) be the first derivative of -h**5/20 + h**4/12 + 3*h + 3. Let g(o) be the first derivative of r(o). What is g(2)?
-4
Let p(m) = -5*m**2 + 8 - 2*m**3 + 3*m**3 - 5 + 2 - 5*m. Give p(6).
11
Let y(d) = 5*d**3 + 10*d**2 + 2*d - 9. Let k(b) = -9*b**3 - 19*b**2